on factor of 114 and 661618.
38
Calculate the highest common factor of 139675 and 12533.
151
What is the greatest common factor of 42645 and 9?
3
What is the greatest common divisor of 517708 and 116?
116
Calculate the highest common divisor of 26595 and 63.
9
Calculate the highest common divisor of 85 and 166039.
17
What is the highest common divisor of 8 and 1338088?
8
What is the highest common divisor of 78637 and 8073?
299
What is the greatest common factor of 724041 and 27?
9
What is the highest common factor of 1048166 and 14?
14
What is the highest common divisor of 341633 and 67?
67
What is the greatest common divisor of 13 and 81?
1
What is the highest common divisor of 9 and 1377486?
9
Calculate the greatest common factor of 2560 and 107560.
40
What is the greatest common divisor of 76 and 177498?
38
Calculate the highest common factor of 78900 and 30.
30
Calculate the greatest common factor of 135 and 2301075.
135
What is the greatest common factor of 566370 and 100?
10
Calculate the highest common factor of 324 and 4908.
12
Calculate the highest common factor of 48 and 1367016.
24
What is the highest common factor of 89880 and 37878?
642
What is the highest common divisor of 18724 and 5952?
124
Calculate the highest common divisor of 548920 and 80.
40
Calculate the greatest common factor of 1336559 and 21.
7
Calculate the greatest common divisor of 2531829 and 1842.
921
Calculate the greatest common factor of 788 and 91802.
394
What is the greatest common factor of 28 and 212842?
14
What is the greatest common divisor of 126 and 301014?
126
Calculate the highest common factor of 2189 and 23672.
11
Calculate the highest common factor of 120 and 333660.
60
What is the highest common factor of 1980206 and 505?
101
Calculate the greatest common factor of 1876 and 14644.
28
What is the greatest common factor of 49 and 2335?
1
Calculate the greatest common factor of 51 and 159.
3
What is the greatest common factor of 2940 and 1020?
60
What is the highest common divisor of 42493 and 1628?
11
What is the highest common divisor of 180 and 19890?
90
Calculate the greatest common factor of 90280 and 25.
5
What is the greatest common divisor of 363 and 50523?
33
What is the highest common divisor of 867346 and 2?
2
Calculate the highest common factor of 146464 and 12.
4
What is the greatest common factor of 72 and 13667616?
72
What is the highest common factor of 2442 and 198?
66
Calculate the greatest common factor of 152313 and 462.
21
Calculate the greatest common divisor of 21 and 44989.
7
What is the greatest common factor of 804 and 84152?
268
Calculate the greatest common factor of 202 and 46.
2
What is the highest common divisor of 260 and 36?
4
Calculate the greatest common factor of 540 and 10320.
60
What is the greatest common divisor of 1475 and 3200?
25
Calculate the highest common divisor of 819 and 838656.
819
Calculate the greatest common factor of 70 and 1876.
14
Calculate the highest common divisor of 2300181 and 26.
13
Calculate the greatest common factor of 5810 and 95270.
70
Calculate the greatest common factor of 190 and 79590.
10
What is the greatest common divisor of 42890 and 10?
10
What is the greatest common factor of 11776 and 12?
4
What is the greatest common divisor of 5589 and 713?
23
Calculate the greatest common factor of 2807750 and 11.
11
Calculate the highest common factor of 38103 and 78.
39
What is the highest common divisor of 112 and 355088?
16
What is the greatest common factor of 988 and 15694?
38
Calculate the greatest common divisor of 3 and 32709.
3
What is the greatest common factor of 252 and 27576?
36
Calculate the greatest common divisor of 114063 and 4728.
591
What is the greatest common divisor of 7254 and 31590?
234
What is the greatest common factor of 190 and 902?
2
What is the highest common factor of 1110105 and 3645?
405
Calculate the highest common divisor of 387 and 9417.
129
What is the greatest common factor of 160 and 1972?
4
What is the greatest common factor of 47 and 48833?
47
What is the highest common factor of 92 and 5000844?
92
Calculate the greatest common divisor of 38 and 842403.
19
What is the greatest common divisor of 57336 and 156?
12
Calculate the greatest common divisor of 9065 and 5390.
245
Calculate the greatest common factor of 748 and 277508.
748
Calculate the greatest common factor of 4571 and 3112198.
653
What is the highest common factor of 309483 and 21837?
753
What is the highest common factor of 855943 and 11?
11
Calculate the greatest common factor of 203136 and 384.
384
What is the highest common factor of 210 and 110901?
21
Calculate the highest common divisor of 5646 and 3750.
6
Calculate the greatest common divisor of 42480 and 93102.
354
Calculate the highest common factor of 6 and 29454.
6
Calculate the highest common divisor of 570 and 355395.
285
Calculate the highest common factor of 3764 and 36.
4
What is the highest common factor of 13837642 and 14?
14
What is the highest common divisor of 162 and 3305?
1
What is the highest common factor of 10094 and 1751?
103
Calculate the highest common factor of 368 and 5221.
23
What is the greatest common divisor of 4368 and 8463?
273
Calculate the greatest common factor of 672 and 138048.
96
What is the highest common divisor of 13216 and 3717?
413
What is the greatest common divisor of 630 and 21210?
210
Calculate the greatest common divisor of 176 and 544192.
176
What is the greatest common factor of 150 and 510?
30
What is the greatest common divisor of 9688 and 448?
56
Calculate the highest common factor of 10933 and 203.
29
What is the highest common divisor of 149826 and 18?
6
Calculate the greatest common factor of 62946 and 26362.
538
What is the greatest common divisor of 15719 and 143?
11
Calculate the greatest common divisor of 53572 and 177.
59
What is the greatest common factor of 4664 and 58883?
583
What is the greatest common factor of 13194 and 18?
18
What is the greatest common factor of 692 and 16089?
173
Calculate the highest common factor of 5869 and 33.
1
What is the greatest common divisor of 4 and 525764?
4
What is the greatest common divisor of 4 and 614?
2
Calculate the greatest common divisor of 2856 and 45492.
204
What is the greatest common factor of 67 and 572783?
67
Calculate the greatest common factor of 1432 and 1114454.
358
Calculate the greatest common divisor of 198 and 75960.
18
What is the greatest common factor of 21 and 3136?
7
What is the greatest common divisor of 5136 and 768?
48
Calculate the highest common factor of 3335 and 1595.
145
Calculate the highest common factor of 73 and 90009.
73
What is the highest common divisor of 352 and 3784?
88
What is the highest common factor of 249180 and 60?
60
Calculate the greatest common divisor of 140 and 58765.
35
What is the greatest common divisor of 665 and 531430?
95
What is the highest common divisor of 56889 and 48951?
1323
What is the greatest common factor of 1944 and 2322?
54
Calculate the highest common factor of 21527168 and 32.
32
What is the greatest common factor of 5745 and 1376885?
1915
What is the greatest common factor of 80 and 57872?
16
What is the highest common divisor of 68 and 22134?
34
What is the highest common factor of 15 and 47535?
15
What is the highest common factor of 196 and 343?
49
What is the greatest common factor of 274090 and 20?
10
What is the highest common factor of 1311 and 14478?
57
Calculate the greatest common divisor of 947523 and 1179.
393
What is the greatest common factor of 3005 and 895?
5
Calculate the highest common factor of 80106 and 13182.
1014
What is the greatest common divisor of 1554 and 10500?
42
Calculate the greatest common factor of 43524 and 1350.
54
Calculate the greatest common divisor of 181504 and 256.
256
Calculate the greatest common divisor of 19401 and 2007.
669
What is the greatest common divisor of 28 and 238?
14
Calculate the greatest common factor of 414 and 269238.
138
Calculate the highest common factor of 236776 and 3944.
136
Calculate the highest common divisor of 2193 and 1632.
51
Calculate the greatest common factor of 5980 and 690.
230
Calculate the highest common factor of 38464 and 2368.
64
Calculate the highest common factor of 942